 to base 13.
-5171
144001 (base 6) to base 13
63a6
Convert 81 (base 13) to base 9.
126
-606 (base 7) to base 2
-100101100
Convert -2605 (base 7) to base 11.
-816
-7d82 (base 16) to base 9
-48060
13022 (base 4) to base 6
2042
-3a6 (base 14) to base 7
-2066
c8b (base 13) to base 9
2841
3213 (base 5) to base 9
531
Convert -1666 (base 7) to base 13.
-409
What is -118 (base 11) in base 9?
-165
42a (base 15) to base 8
1654
-1422 (base 5) to base 16
-ed
Convert -49a (base 14) to base 5.
-12140
-10232 (base 7) to base 3
-10110102
Convert 1131 (base 15) to base 16.
e3e
-314 (base 7) to base 10
-158
Convert 1801 (base 11) to base 4.
203330
-1b49 (base 12) to base 6
-23333
Convert -13013121 (base 4) to base 9.
-43873
10011000111 (base 2) to base 16
4c7
What is -2330 (base 6) in base 15?
-273
-29902 (base 10) to base 15
-8cd7
What is 2625 (base 13) in base 15?
1929
Convert 330021 (base 6) to base 15.
8104
What is -13001 (base 4) in base 15?
-1ee
Convert 221b (base 12) to base 11.
2915
Convert -1000101100100000 (base 2) to base 15.
-a846
-333 (base 7) to base 6
-443
Convert 707 (base 15) to base 13.
949
What is -39a (base 15) in base 3?
-1010101
Convert -250 (base 13) to base 5.
-3103
-1b9 (base 15) to base 10
-399
3510 (base 9) to base 5
40401
475 (base 12) to base 11
555
Convert d9e (base 15) to base 5.
44244
What is 211102 (base 4) in base 16?
952
What is -396 (base 13) in base 11?
-523
What is 2589 (base 10) in base 9?
3486
What is 10000100101011 (base 2) in base 6?
103151
What is 3424 (base 7) in base 2?
10011011011
Convert -4761 (base 10) to base 16.
-1299
What is -15792 (base 11) in base 3?
-1010111212
What is 151677 (base 8) in base 13?
1b89a
597 (base 13) to base 8
1711
3339 (base 13) to base 11
5407
Convert 49 (base 13) to base 12.
51
-243506 (base 7) to base 13
-1733c
What is 1211121 (base 3) in base 11?
1008
What is -13411 (base 6) in base 16?
-82f
What is -1200001001 (base 3) in base 8?
-100101
-3835 (base 10) to base 6
-25431
Convert -120110 (base 3) to base 7.
-1134
What is -1101000011011001 (base 2) in base 5?
-3202330
Convert 2336 (base 16) to base 12.
5272
What is -24140 (base 5) in base 7?
-5143
What is 376 (base 10) in base 5?
3001
Convert 8b1 (base 16) to base 9.
3042
What is -485 (base 9) in base 5?
-3101
Convert 301220 (base 4) to base 14.
122c
c2 (base 13) to base 12
112
What is -14138 (base 13) in base 14?
-d993
1015 (base 7) to base 4
11203
-5062 (base 8) to base 6
-20030
Convert -775 (base 9) to base 16.
-27b
What is 183 (base 14) in base 16?
137
What is -3194 (base 10) in base 2?
-110001111010
3030232 (base 4) to base 16
332e
Convert -575 (base 8) to base 15.
-1a6
957 (base 10) to base 4
32331
-342443 (base 5) to base 16
-2fd8
31332 (base 8) to base 6
140134
Convert 331003 (base 5) to base 13.
5243
What is 1020111 (base 3) in base 11?
752
What is 7235 (base 8) in base 2?
111010011101
-1100001111000 (base 2) to base 4
-1201320
What is 182a9 (base 11) in base 7?
134532
3155 (base 6) to base 5
10334
Convert 100111100110 (base 2) to base 15.
b3e
Convert -1633e (base 16) to base 13.
-32517
-110 (base 6) to base 13
-33
Convert -4d4 (base 15) to base 2.
-10001001011
Convert 4334 (base 6) to base 12.
6aa
Convert 3200 (base 12) to base 2.
1010101100000
What is -1010012121 (base 3) in base 7?
-121126
Convert -210022010 (base 3) to base 13.
-70b6
What is -682 (base 14) in base 12?
-8b6
Convert 49 (base 16) to base 10.
73
What is 34121 (base 8) in base 4?
3201101
952 (base 10) to base 15
437
Convert -12022020 (base 3) to base 11.
-29a6
What is -4301 (base 8) in base 14?
-b61
Convert -35351 (base 6) to base 9.
-7004
Convert 241521 (base 7) to base 8.
125455
What is -1012123 (base 4) in base 16?
-119b
-493 (base 13) to base 5
-11141
Convert -203a (base 12) to base 6.
-24114
Convert 1131412 (base 5) to base 12.
100a1
Convert -201202 (base 3) to base 13.
-320
Convert -1085 (base 9) to base 13.
-4a0
-124 (base 16) to base 6
-1204
What is -14202 (base 7) in base 13?
-19bc
Convert 7504 (base 8) to base 15.
1258
Convert 947 (base 12) to base 13.
7cc
13e (base 16) to base 4
10332
a3bb (base 13) to base 9
34035
What is 2742 (base 8) in base 3?
2001210
Convert 111 (base 2) to base 6.
11
Convert -2365 (base 14) to base 15.
-1c60
What is 444 (base 7) in base 8?
344
What is -573 (base 8) in base 12?
-277
20211 (base 3) to base 11
158
Convert 128 (base 10) to base 12.
a8
What is -201020 (base 3) in base 13?
-30c
What is 1457 (base 9) in base 5?
13410
Convert -33200 (base 5) to base 6.
-14352
-310032 (base 4) to base 12
-1b26
What is -125425 (base 6) in base 5?
-332414
Convert 1cdb (base 15) to base 14.
2409
What is 23a6 (base 11) in base 14?
1205
What is 635 (base 8) in base 13?
25a
What is -35e (base 15) in base 6?
-3312
-7e9 (base 15) to base 5
-24134
-1814 (base 13) to base 3
-11220002
-71116 (base 8) to base 2
-111001001001110
Convert 58c9 (base 13) to base 3.
122011001
Convert 100010010000111 (base 2) to base 7.
102101
What is -5412 (base 9) in base 8?
-7614
426 (base 7) to base 12
160
Convert 126 (base 10) to base 9.
150
Convert 20033 (base 5) to base 10.
1268
-3030 (base 6) to base 3
-220200
-10011011000 (base 2) to base 8
-2330
Convert -832 (base 13) to base 12.
-981
Convert aa6 (base 11) to base 9.
1733
What is -6783 (base 9) in base 14?
-1b84
-545 (base 15) to base 13
-707
Convert 178 (base 11) to base 12.
152
-fd4 (base 16) to base 13
-1ac9
-67 (base 10) to base 15
-47
Convert -1131 (base 13) to base 3.
-10022010
-4926 (base 11) to base 8
-14451
Convert -4501 (base 9) to base 15.
-eb7
1093 (base 12) to base 16
72f
202223 (base 5) to base 8
14643
23011331 (base 4) to base 9
68285
Convert -242301 (base 5) to base 3.
-110110011
-641 (base 16) to base 6
-11225
Convert 11202 (base 3) to base 4.
2000
-10033 (base 5) to base 14
-33d
-1726 (base 9) to base 8
-2450
Convert -2dc (base 14) to base 11.
-493
What is -548a (base 12) in base 6?
-111054
10001110000 (base 2) to base 6
5132
What is 656 (base 10) in base 5?
10111
Convert 78 (base 10) to base 8.
116
Convert 11bb (base 15) to base 6.
25252
What is 2235 (base 6) in base 3?
201112
What is -45 (base 15) in base 7?
-122
-274ab (base 12) to base 15
-11135
97 (base 14) to base 15
8d
What is 364 (base 12) in base 9?
624
Convert 25a5 (base 14) to base 11.
4a72
Convert 3df (base 16) to base 9.
1321
What is 4229 (base 11) in base 8?
12735
Convert -23028 (base 9) to base 7.
-62465
What is 1100 (base 5) in base 16?
96
32dc (base 14) to base 3
110002121
10010011111 (base 2) to base 11
986
-1001000101 (base 2) to base 9
-715
-111011010 (base 2) to base 6
-2110
What is -11021021 (base 3) in base 2?
-110000101000
100143 (base 5) to base 12
1a05
What is -11000100 (base 2) in base 11?
-169
Convert 1014 (base 7) to base 12.
256
Convert 63173 (base 8) to base 14.
97bd
-337 (base 8) to base 14
-11d
79a8 (base 11) to base 2
10100100011100
Convert -4452 (base 13) to base 9.
-14060
Convert 100010011011 (base 2) to base 9.
3017
4005 (base 10) to base 12
2399
-3c37 (base 15) to base 4
-3021031
Convert 11010110010 (base 2) to base 15.
794
Convert 100101001111111 (base 2) to base 10.
19071
Convert 10010011000110 (base 2) to base 10.
9414
-10409 (base 11) to base 16
-3b1e
-102201 (base 3) to base 15
-161
Convert -15989 (base 14) to base 5.
-3212041
What is 210211202 (base 3) in base 2?
11111000110011
What is 39e (base 15) in base 5?
11244
Convert 1002123 (base 4) to base 16.
109b
1222202 (base 4) to base 16
1aa2
303 (base 12) to base 5
3220
Convert -1001100011111000 (base 2) to base 10.
-39160
-10205 (base 6) to base 3
-1212212
What is -1001110110 (base 2) in base 13?
-396
Convert 110110110011000 (base 2) to base 11.
1a096
Convert -934 (base 11) to base 2.
-10001100110
10221 (base 4) to base 9
360
Convert -1843 (base 14) to base 3.
-12222220
What is 6184 (base 11) in base 2?
10000000000111
Convert -7306 (base 12) to base 7.
-51354
-14ab6 (base 13) to base 15
-b928
-15366 (base 7) to base 3
-12220200
What is -13747 (base 8) in base 16?
-17e7
What is 11832 (base 12) in base 13?
a9c7
What is -10112 (base 8) in base 12?
-24b6
144435 (base 6) to base 8
33247
What is 1f0b (base 16) in base 3?
101220100
-3302 (base 10) to base 2
-110011100110
Convert -11111 (base 2) to base 9.
-34
What is -3a12 (base 13) in base 6?
-102224
-460 